{"id":283,"date":"2021-02-21T07:41:40","date_gmt":"2021-02-21T07:41:40","guid":{"rendered":"https:\/\/kastens.net\/WPSub\/dokumentation\/?page_id=283"},"modified":"2021-12-03T08:35:48","modified_gmt":"2021-12-03T08:35:48","slug":"2-faktor-authentifizierung","status":"publish","type":"page","link":"https:\/\/www.kastens.net\/WPSub\/dokumentation\/?page_id=283","title":{"rendered":"2 Faktor Authentifizierung"},"content":{"rendered":"\n<p>Mittels 2-Faktor Identifizierung k\u00f6nnen Anforderungen an Passw\u00f6rter etwas zur\u00fcckgeschraubt werden (Bislang habe ich halt gerne Passw\u00f6rter \u00fcber AmP komplett verwaltet und dann auch mal 25-30 Zeichen f\u00fcr Online Shops genutzt, die bunt gew\u00fcrfelt waren. Im Ergebnis: Wenn ich Zugriff auf AmP habe habe ich hohe Sicherheit und Komfort. Bin ich aber mal unterwegs ohne Laptop, dann kann ich die Passw\u00f6rter nicht nutzen.<\/p>\n\n\n\n<p>Mit dem 2. Faktor bleibt die Legitimation mit Username und Passwort (Passw\u00f6rter k\u00f6nnen schw\u00e4cher sein) gleich, durch die Erzeugung eines immer nur wenige Sekunden g\u00fcltigen 2. Faktor, ist ein Diebstahl des Passwortes nicht mehr ganz so dramatisch (zumindest wenn man das gleiche Passwort nicht wieder f\u00fcr andere Konten ohne 2FA verwendet).<\/p>\n\n\n\n<p>Man ben\u00f6tigt daf\u00fcr dann eine Software, die typischerweise auf einem Mobile Device installiert ist. Dort werden verschiedenen 2FA Accounts angelegt. das Anlegen erfolgt im Rahmen der Aktivierung des 2FA in der jeweiligen Software.<\/p>\n\n\n\n<h2 class=\"wp-block-heading\">Microsoft Authenticator<\/h2>\n\n\n\n<p>Ist ein m\u00f6glicher, aber tats\u00e4chlich nicht ganz weit verbreiteter, Kandidat. Hier\u00fcber habe ich derzeit nur meinen Microsoft Account mykastens@web.de abgesichert.<\/p>\n\n\n\n<h2 class=\"wp-block-heading\">Google Authenticator<\/h2>\n\n\n\n<p>Das ist eine weitere Alternative, die auch breiter unterst\u00fctzt wird. Aktuell habe ich hier folgende Accounts integriert:<\/p>\n\n\n\n<ul class=\"wp-block-list\"><li>XING<\/li><li>FritzBoxen<\/li><li>MyFritz Konto<\/li><li>Diskstation Admin Accounts<\/li><\/ul>\n\n\n\n<h2 class=\"wp-block-heading\">todo<\/h2>\n\n\n\n<ul class=\"wp-block-list\"><li>weitere Dokumentation<\/li><li>Sicherungsstrategie<\/li><li>Notfallzug\u00e4nge<\/li><\/ul>\n","protected":false},"excerpt":{"rendered":"<p>Mittels 2-Faktor Identifizierung k\u00f6nnen Anforderungen an Passw\u00f6rter etwas zur\u00fcckgeschraubt werden (Bislang habe ich halt gerne Passw\u00f6rter \u00fcber AmP komplett verwaltet und dann auch mal 25-30 Zeichen f\u00fcr Online Shops genutzt, die bunt gew\u00fcrfelt waren. Im Ergebnis: Wenn ich Zugriff auf AmP habe habe ich hohe Sicherheit und Komfort. Bin ich aber mal unterwegs ohne Laptop, dann kann ich die Passw\u00f6rter nicht nutzen. Mit dem 2. Faktor bleibt die Legitimation mit&hellip;<\/p>\n","protected":false},"author":1,"featured_media":0,"parent":98,"menu_order":10,"comment_status":"closed","ping_status":"closed","template":"","meta":{"footnotes":""},"class_list":["post-283","page","type-page","status-publish","hentry"],"_links":{"self":[{"href":"https:\/\/www.kastens.net\/WPSub\/dokumentation\/index.php?rest_route=\/wp\/v2\/pages\/283","targetHints":{"allow":["GET"]}}],"collection":[{"href":"https:\/\/www.kastens.net\/WPSub\/dokumentation\/index.php?rest_route=\/wp\/v2\/pages"}],"about":[{"href":"https:\/\/www.kastens.net\/WPSub\/dokumentation\/index.php?rest_route=\/wp\/v2\/types\/page"}],"author":[{"embeddable":true,"href":"https:\/\/www.kastens.net\/WPSub\/dokumentation\/index.php?rest_route=\/wp\/v2\/users\/1"}],"replies":[{"embeddable":true,"href":"https:\/\/www.kastens.net\/WPSub\/dokumentation\/index.php?rest_route=%2Fwp%2Fv2%2Fcomments&post=283"}],"version-history":[{"count":2,"href":"https:\/\/www.kastens.net\/WPSub\/dokumentation\/index.php?rest_route=\/wp\/v2\/pages\/283\/revisions"}],"predecessor-version":[{"id":287,"href":"https:\/\/www.kastens.net\/WPSub\/dokumentation\/index.php?rest_route=\/wp\/v2\/pages\/283\/revisions\/287"}],"up":[{"embeddable":true,"href":"https:\/\/www.kastens.net\/WPSub\/dokumentation\/index.php?rest_route=\/wp\/v2\/pages\/98"}],"wp:attachment":[{"href":"https:\/\/www.kastens.net\/WPSub\/dokumentation\/index.php?rest_route=%2Fwp%2Fv2%2Fmedia&parent=283"}],"curies":[{"name":"wp","href":"https:\/\/api.w.org\/{rel}","templated":true}]}}