{"id":271,"date":"2021-01-23T12:08:07","date_gmt":"2021-01-23T12:08:07","guid":{"rendered":"https:\/\/kastens.net\/WPSub\/dokumentation\/?page_id=271"},"modified":"2022-01-12T19:50:12","modified_gmt":"2022-01-12T19:50:12","slug":"neuinstallation-von-linux","status":"publish","type":"page","link":"https:\/\/www.kastens.net\/WPSub\/dokumentation\/?page_id=271","title":{"rendered":"Neuinstallation von Linux 10\/2021"},"content":{"rendered":"\n<p>Weil ich zu duselig war, habe ich mir mein Mint zerschossen und musste das neu aufsetzen. Basis ist Linux Mint 20.2, welches ich via ISO heruntergeladen habe und dann bootbar auf einen Stick geschrieben habe (Das ging noch mit meinem alten Mint recht einfach. Rechtklick auf die ISO Datei und man hat ne Option einen bootbaren Stick zu erzeugen).<\/p>\n\n\n\n<p>Einrichtung habe ich tats\u00e4chlich komplett als Neuinstallation durchgezogen. Parameter:<\/p>\n\n\n\n<ul class=\"wp-block-list\"><li>BootEFI Partition \u00fcbernommen (inkl. der M\u00f6glichkeit Win10 zu starten)<\/li><li>67 Gigabyte Root Partition<\/li><li>40 GByte Homes Partition<\/li><li>vorhandene Partition SSDPlus \u00fcbernommen<\/li><\/ul>\n\n\n\n<p>Als erstes habe ich dann mal Updates mit dem Update Manager installiert (alternativ apt-get update und apt-get upgrade &#8211; alles als root\/sudo)<\/p>\n\n\n\n<p>Dann habe ich von meiner Synology das Active Backup installiert und eine erste Sicherung angefertigt. Sicherungspunkt ist gesperrt: 30.10.2021 18:46:40 Uhr<\/p>\n\n\n\n<p>Als n\u00e4chstes habe ich dann die Mountpunkte \u00fcberarbeitet. Das kann man in der \/etc\/fstab manuell machen oder man nutzt den Manager f\u00fcr die Laufwerke (disks) &#8211; Ergebnis kann man sich dann in der \/etc\/fstab ansehen.<br>Kurze Info: Hatte da Bockmist gebaut und danach stand das Home Verzeichnis nicht mehr zur Verf\u00fcgung. Hab eich etwas l\u00e4nger drauf verwendet, bis ich den Fehler gefunden hatte. Es \u00e4u\u00dferte sich n\u00e4mlich erstmal so, dass bei der Anmeldung am Cinnamon zwar mein Passwort akzeptiert wurde, aber ich direkt wieder zum Passwort Prompt zur\u00fcck flog. Dann habe ich festgestellt, dass das Ethernet Interface zwar up war, aber keine IP hatte.<br>Mit Strg &#8211; Alt &#8211; F2 konnte ich dann eine schell \u00f6ffnen und mit Anmeldung als Root und startx bekam ich auch wieder eine grafische Oberfl\u00e4che. Danach habe ich dann erst geschaut, wie es um die Mount Punkte bestellt war (Befehl mount) und festgestellt, das in der fstab keine mount point f\u00fcr \/home mehr vorhanden war. Konnte ich dann schnell fixen und System l\u00e4uft wieder einwandfrei.<\/p>\n\n\n\n<p>Im n\u00e4chsten Schritt habe ich das root Passwort nach meiner Vorliebe gesetzt &#8211; <a href=\"https:\/\/kastens.net\/WPSub\/dokumentation\/?page_id=112#rootpasswortsetzen\">siehe Doku<\/a><\/p>\n\n\n\n<p>Jetzt kommen die Installationen:<\/p>\n\n\n\n<ul class=\"wp-block-list\"><li>optional: gparted &#8211; \u00fcber Software Manager<br>alternativ: apt install gparted<\/li><li>RDP Client:<br>Remmina &#8211; \u00fcber Software Manager<br>alternativ: apt install remmina<br>Alternative (aber meines Erachtens schw\u00e4cher): Vinagre &#8211; \u00fcberSoftware Manager<br>alternativ: apt install vinagre<\/li><\/ul>\n\n\n\n<p>Hier habe ich dann die n\u00e4chste Zwischensicherung gemacht. Sicherungspunkt ist gesperrt: 31.10.2021 07:39:31 Uhr<\/p>\n\n\n\n<ul class=\"wp-block-list\"><li>Whatsapp &#8211; \u00fcber Software Manager<br>alternativ: apt install whatsapp-desktop<\/li><li>Thunderbird &#8211; ist bereits im Default installiert &#8211; habe daher nur aus dem alten Home Verzeichnis mein Profil ins neue Home Verzeichnis kopiert und Thunderbird \u00fcber den Profilmanager eingerichtet<\/li><li>BirdTray &#8211; \u00fcber Software Manager &#8211; Hier macht wieder eine individuelle Einrichtung Sinn. Ich habe das einmal zum Anlass genommen, die Verzeichnisse f\u00fcr die verschiedenen Postf\u00e4cher im Thunderbrid umzubenennen, damit ich im Birdtray dann anhand der Mail Ordner eine \u00dcberwachung f\u00fcr relevante Posteing\u00e4nge aktivieren konnte.<br>alternativ: apt-get install birdtray<\/li><\/ul>\n\n\n\n<p>Hier habe ich dann die n\u00e4chste Zwischensicherung gemacht. Sicherungspunkt ist gesperrt: 31.10.2021 08:13:11 Uhr<\/p>\n\n\n\n<ul class=\"wp-block-list\"><li>Midnight Commander<br>sudo apt-get install mc<br>Damit erh\u00e4lt man auch den handlichen Editor mcedit (Der vi hatte noch Probleme mit den Cursortasten, da k\u00fcmmere ich mich sp\u00e4ter drum)<\/li><li>Weitere Anpassung der fstab:<ul><li>RAM Disk aus alter fstab \u00fcbernommen<\/li><li>LAN Ressourcen aus alter fstab \u00fcbernommen<\/li><li>f\u00fcr die LAN Ressourcen auch die passenden Ordner in meinem Home Verzeichnis angelegt<\/li><\/ul><\/li><li>RAM Disk gepr\u00fcft<\/li><li>System Monitor in Autostart integriert und eingerichtet<\/li><li>Whatsapp &#8211; \u00fcber Software Manager installiert und eingerichtet<\/li><li>BOINC &#8211; \u00fcber Software Manager installiert und WorldGrid Account wieder aktiviert<br>ACHTUNG! Hatte Probleme mit der ATI Radeon Grafikkarte und habe daher erstmal die GPU Unterst\u00fctzung in den Einstellungen von BOINC deaktiviert.<br>apt install boinc<\/li><li>VirtualBox f\u00fcr die Spiele Sessions der Familie installiert<br>dazu auch das Extension Pack f\u00fcr USB Support installiert<br>Ist in Software Manager enthalten<br>Die relevanten User sollten in die Gruppe vboxusers aufgenommen werden, damit USB Support funktioniert<\/li><li>Scripting Verzeichnis in Home wieder aus dem alten Home Verzeichnis aktiviert und Desktop Verkn\u00fcpfungen eingerichtet. (Schreibtisch)<\/li><\/ul>\n\n\n\n<p>Hier habe ich dann die n\u00e4chste Zwischensicherung gemacht. Sicherungspunkt ist gesperrt: 31.10.2021 16:02:12 Uhr<\/p>\n\n\n\n<ul class=\"wp-block-list\"><li>Teamviewer<br>Wird direkt von der Homepage runter geladen. Ich lege die Installationsdateien solcher F\u00e4lle auf der Netzwerkfreigabe Installation im Unterverzeichnis Linux ab.<br>Download des Pakets (im passenden Verzeichnis):<br>wget https:\/\/download.teamviewer.com\/download\/linux\/teamviewer_amd64.deb<br>und jetzt Installation mit apt:<br>apt install .\/teamviewer<\/li><li>Synology Note Station (von Herstellerseite &#8211; siehe Installationsverzeichnis)<\/li><li>Synology Drive (von Herstellerseite &#8211; siehe Installationsverzeichnis)<\/li><\/ul>\n\n\n\n<p>Hier habe ich dann die n\u00e4chste Zwischensicherung gemacht. Sicherungspunkt ist gesperrt: 01.11.2021 21:23:02 Uhr<\/p>\n","protected":false},"excerpt":{"rendered":"<p>Weil ich zu duselig war, habe ich mir mein Mint zerschossen und musste das neu aufsetzen. Basis ist Linux Mint 20.2, welches ich via ISO heruntergeladen habe und dann bootbar auf einen Stick geschrieben habe (Das ging noch mit meinem alten Mint recht einfach. Rechtklick auf die ISO Datei und man hat ne Option einen bootbaren Stick zu erzeugen). Einrichtung habe ich tats\u00e4chlich komplett als Neuinstallation durchgezogen. Parameter: BootEFI Partition&hellip;<\/p>\n","protected":false},"author":1,"featured_media":0,"parent":391,"menu_order":1,"comment_status":"closed","ping_status":"closed","template":"","meta":{"footnotes":""},"class_list":["post-271","page","type-page","status-publish","hentry"],"_links":{"self":[{"href":"https:\/\/www.kastens.net\/WPSub\/dokumentation\/index.php?rest_route=\/wp\/v2\/pages\/271","targetHints":{"allow":["GET"]}}],"collection":[{"href":"https:\/\/www.kastens.net\/WPSub\/dokumentation\/index.php?rest_route=\/wp\/v2\/pages"}],"about":[{"href":"https:\/\/www.kastens.net\/WPSub\/dokumentation\/index.php?rest_route=\/wp\/v2\/types\/page"}],"author":[{"embeddable":true,"href":"https:\/\/www.kastens.net\/WPSub\/dokumentation\/index.php?rest_route=\/wp\/v2\/users\/1"}],"replies":[{"embeddable":true,"href":"https:\/\/www.kastens.net\/WPSub\/dokumentation\/index.php?rest_route=%2Fwp%2Fv2%2Fcomments&post=271"}],"version-history":[{"count":21,"href":"https:\/\/www.kastens.net\/WPSub\/dokumentation\/index.php?rest_route=\/wp\/v2\/pages\/271\/revisions"}],"predecessor-version":[{"id":388,"href":"https:\/\/www.kastens.net\/WPSub\/dokumentation\/index.php?rest_route=\/wp\/v2\/pages\/271\/revisions\/388"}],"up":[{"embeddable":true,"href":"https:\/\/www.kastens.net\/WPSub\/dokumentation\/index.php?rest_route=\/wp\/v2\/pages\/391"}],"wp:attachment":[{"href":"https:\/\/www.kastens.net\/WPSub\/dokumentation\/index.php?rest_route=%2Fwp%2Fv2%2Fmedia&parent=271"}],"curies":[{"name":"wp","href":"https:\/\/api.w.org\/{rel}","templated":true}]}}