{"id":250,"date":"2021-01-18T14:10:07","date_gmt":"2021-01-18T14:10:07","guid":{"rendered":"https:\/\/kastens.net\/WPSub\/dokumentation\/?page_id=250"},"modified":"2023-03-27T15:49:19","modified_gmt":"2023-03-27T15:49:19","slug":"systeminformationen","status":"publish","type":"page","link":"https:\/\/www.kastens.net\/WPSub\/dokumentation\/?page_id=250","title":{"rendered":"Systeminformationen"},"content":{"rendered":"\n<h2 class=\"wp-block-heading\">Plattform \/ Architektur ermitteln<\/h2>\n\n\n\n<pre class=\"wp-block-code\"><code>dpkg --print-architecture<\/code><\/pre>\n\n\n\n<p>Entweder amd64 f\u00fcr ein 64 Bit System oder i386 f\u00fcr 32 Bit als Ergebnis.<\/p>\n\n\n\n<h2 class=\"wp-block-heading\">Version und Distribution abfragen<\/h2>\n\n\n\n<pre class=\"wp-block-code\"><code>cat \/etc\/*release<\/code><\/pre>\n\n\n\n<h2 class=\"wp-block-heading\">Hardware auflisten<\/h2>\n\n\n\n<pre class=\"wp-block-code\"><code>lspci -nnk | grep -i net -A2<\/code><\/pre>\n\n\n\n<p>Der Befehl lspci listet grunds\u00e4tzlich PCI Devices auf. In der Version oben wird \u00fcber den grep auf Devices gefiltert, die ein &#8222;net&#8220; enthalten und die beiden Zeilen nach (<strong>A<\/strong>fter) dem net Begriff werden mit ausgegeben. Die Option nn zeigt den PCI Vendor und den Device code als Namen und Nummer an. Die Option k zeigt auch den Kerneltreiber und das Subsystemm mit an.<\/p>\n\n\n\n<pre class=\"wp-block-code\"><code>lsusb<\/code><\/pre>\n\n\n\n<p>Mit lsusb steht ein \u00e4hnliches Kommando f\u00fcr USB basierte Netzwerkadpter zur Verf\u00fcgung.<\/p>\n\n\n\n<pre class=\"wp-block-code\"><code>modprobe -c<\/code><\/pre>\n\n\n\n<p>Damit werden Treiber f\u00fcr verschiedene Ger\u00e4te angezeigt. Man kann dort bspw. \u00fcber die mit lspci ermittelten Nummern des PCI Vendor und des Devices suchen.<br>z.B. <\/p>\n\n\n\n<pre class=\"wp-block-code\"><code>modprobe -c | grep -i \"14e4.*1684\"<\/code><\/pre>\n","protected":false},"excerpt":{"rendered":"<p>Plattform \/ Architektur ermitteln Entweder amd64 f\u00fcr ein 64 Bit System oder i386 f\u00fcr 32 Bit als Ergebnis. Version und Distribution abfragen Hardware auflisten Der Befehl lspci listet grunds\u00e4tzlich PCI Devices auf. In der Version oben wird \u00fcber den grep auf Devices gefiltert, die ein &#8222;net&#8220; enthalten und die beiden Zeilen nach (After) dem net Begriff werden mit ausgegeben. Die Option nn zeigt den PCI Vendor und den Device code&hellip;<\/p>\n","protected":false},"author":1,"featured_media":0,"parent":103,"menu_order":2,"comment_status":"closed","ping_status":"closed","template":"","meta":{"footnotes":""},"class_list":["post-250","page","type-page","status-publish","hentry"],"_links":{"self":[{"href":"https:\/\/www.kastens.net\/WPSub\/dokumentation\/index.php?rest_route=\/wp\/v2\/pages\/250","targetHints":{"allow":["GET"]}}],"collection":[{"href":"https:\/\/www.kastens.net\/WPSub\/dokumentation\/index.php?rest_route=\/wp\/v2\/pages"}],"about":[{"href":"https:\/\/www.kastens.net\/WPSub\/dokumentation\/index.php?rest_route=\/wp\/v2\/types\/page"}],"author":[{"embeddable":true,"href":"https:\/\/www.kastens.net\/WPSub\/dokumentation\/index.php?rest_route=\/wp\/v2\/users\/1"}],"replies":[{"embeddable":true,"href":"https:\/\/www.kastens.net\/WPSub\/dokumentation\/index.php?rest_route=%2Fwp%2Fv2%2Fcomments&post=250"}],"version-history":[{"count":5,"href":"https:\/\/www.kastens.net\/WPSub\/dokumentation\/index.php?rest_route=\/wp\/v2\/pages\/250\/revisions"}],"predecessor-version":[{"id":552,"href":"https:\/\/www.kastens.net\/WPSub\/dokumentation\/index.php?rest_route=\/wp\/v2\/pages\/250\/revisions\/552"}],"up":[{"embeddable":true,"href":"https:\/\/www.kastens.net\/WPSub\/dokumentation\/index.php?rest_route=\/wp\/v2\/pages\/103"}],"wp:attachment":[{"href":"https:\/\/www.kastens.net\/WPSub\/dokumentation\/index.php?rest_route=%2Fwp%2Fv2%2Fmedia&parent=250"}],"curies":[{"name":"wp","href":"https:\/\/api.w.org\/{rel}","templated":true}]}}